 7 + 2*s - 5*s - 7*s + 2*s**2. Let o = -85 - -93. Calculate the remainder when g(o) is divided by 19.
17
Suppose 0*m = -4*m + 8. Suppose -m*h + 3*g + 42 = 0, 7*h + 5*g - 155 = 2*h. Calculate the remainder when h is divided by 10.
7
Suppose 0 = 3*x - x - 24. What is the remainder when 44 is divided by x?
8
Calculate the remainder when 86 is divided by (-99)/6*(-2)/3.
9
Calculate the remainder when (-6)/(-4)*88/12 is divided by 6.
5
Let k = -10 - -15. Suppose 5*g = 2*y - k, -2*g + 0*g = -10. What is the remainder when y is divided by 6?
3
Let f = -6 + 9. Let i = 23 + f. Calculate the remainder when i is divided by 9.
8
Let q(y) = 8*y - 56. What is the remainder when 8 is divided by q(8)?
0
Let b = 11 + -7. Let x(v) be the first derivative of -v**4/4 + 4*v**3/3 + 3*v**2/2 - 35. Calculate the remainder when 34 is divided by x(b).
10
Let m(i) = i**2 + 13*i - 16. What is the remainder when m(-15) is divided by 5?
4
Let h(v) = -v**3 - 7*v**2 + 9*v + 12. Let b be h(-8). Suppose -w - b + 11 = 0. What is the remainder when w is divided by 4?
3
Suppose 4*d + 0*s + s = 34, -d + 1 = 4*s. What is the remainder when 33 is divided by d?
6
Suppose 4*l - 18 - 14 = 0. Suppose 18 + 5 = x. What is the remainder when x is divided by l?
7
Suppose -11 = 2*f + 17. Let v = f + 33. Calculate the remainder when v is divided by 10.
9
Suppose 4*k + x = 2*k + 69, -3*k + 3*x + 99 = 0. Let c = k - -7. Suppose -5*p + 60 = -3*m + 5*m, 4*m + 76 = 4*p. Calculate the remainder when c is divided by p.
13
Suppose -5*b = -18 - 7. Suppose -4*q - 5 = -b*q. Suppose 0 = q*k + o - 78, -4*k + 2*o + 63 = 3*o. Calculate the remainder when 43 is divided by k.
13
Suppose -6 = -5*b + 3*b. Suppose 0*z = b*z - 9, 4*z = 3*g. What is the remainder when g is divided by 3?
1
Suppose 2 = 2*p, -5*p + 2*p - 9 = -m. Calculate the remainder when 0 + 21 + (-1 - -2) is divided by m.
10
Let v(t) = t**3 - t**2 + t - 1. Let b be v(-3). What is the remainder when (b/6)/(10/(-75)) is divided by 13?
11
Let i be ((-39)/3)/(2/6). Let x = 8 + 3. What is the remainder when x is divided by -7*(i/21 + 1)?
5
Suppose -7*f + 2*f = -275. Suppose -3 + 12 = 3*m. What is the remainder when f is divided by (m/(-1))/(3/(-19))?
17
Let m(i) = 4*i - i**3 - 4 - 4*i + 2*i + 6*i**2 + 2. Let w be 8 - (4*1 - 2). What is the remainder when 19 is divided by m(w)?
9
Let z = 18 - 6. Suppose 5*j = 2*f - 3, 2*f = 3*f + j - z. What is the remainder when 32 is divided by f?
5
Let i be (-91)/(-42) + 1/(-6). Let a = 50 - 33. Suppose -2*k + 5*h + i = 1, 5*h = -4*k + a. What is the remainder when k is divided by 3?
0
Suppose 3*g - 4*g = 2*i - 8, 5*g = -3*i + 61. Let w = g - 10. Calculate the remainder when (10/4)/((-2)/(-8)) is divided by w.
2
Let r be 1*-95*(-6 - -5). Suppose 4*l - r = 261. What is the remainder when l is divided by 23?
20
Let l = -165 - -331. Suppose 4*m + 126 + l = 0. Let a = -35 - m. Calculate the remainder when a is divided by 20.
18
Let l be 2/(-11) - 930/(-33). What is the remainder when 2/(-7) + 2052/l is divided by 25?
23
Let j = -14 + 14. Suppose j*q - 52 = -4*q. What is the remainder when q is divided by 8?
5
Suppose -19 = -2*w - 0*n + 5*n, 5*n = -4*w + 23. Calculate the remainder when 20 is divided by w.
6
Let j(r) = -7*r - 4. Let z be j(-6). Let q = -7 - -11. Suppose 4*a - 2*a + z = 3*b, q*b + a = 36. What is the remainder when 18 is divided by b?
8
Let b = 3 - -4. What is the remainder when 12 is divided by b?
5
Let b(r) = -r**3 - 5*r**2 - 3*r + 9. Let s = -21 - -30. What is the remainder when b(-5) is divided by s?
6
Suppose 0 = -z - 3*u + 15, 4*z + 37 = 2*u + 153. Let g = 16 + z. What is the remainder when g is divided by 11?
10
Let f = 94 - 80. Let t = -66 + 105. What is the remainder when t is divided by f?
11
Let g = -27 + 36. Calculate the remainder when 44 is divided by g.
8
Let m(q) = -8 - 9*q + 3 + 1. What is the remainder when m(-3) is divided by 12?
11
Suppose -3*m + 54 = -117. What is the remainder when m is divided by 20?
17
Suppose 3*l = 83 + 49. What is the remainder when l is divided by 16?
12
Let g(l) = 2*l**2 - 11*l + 13. Let k(p) = 38*p - 1. What is the remainder when k(2) is divided by g(6)?
18
Suppose 122 = 4*z + 66. Calculate the remainder when 80 is divided by z.
10
Let l be (-151)/(-9) + 4/18. Let o = -6 + l. Calculate the remainder when o is divided by 3.
2
Suppose -4*b = -10*b + 132. What is the remainder when b is divided by 4?
2
Let r = -12 + 20. Let o be 4/(2 - 54/26). Let u = -29 - o. What is the remainder when u is divided by r?
7
Let d(y) = -y + 7*y + 1 - 3 - y**2. Suppose 0 - 8 = -2*t. What is the remainder when 17 is divided by d(t)?
5
Let a = 10 - -22. What is the remainder when a is divided by 17?
15
Let p(x) = 2*x**2 - 6*x - 8. Suppose -5*q - 2*s + 17 = 0, 0 = q - 2*q - s + 4. Suppose v = q*v - 20. What is the remainder when p(6) is divided by v?
8
Suppose -4*n - 3*n = -112. Calculate the remainder when 43 is divided by n.
11
Let a(i) = i**3 + 15*i**2 + 20*i - 29. What is the remainder when a(-13) is divided by 14?
7
Suppose -r = o - 85, 0 = -r - r - 3*o + 168. Suppose -69 = -3*j - 3*a, -r = -4*j + 2*a - a. What is the remainder when j is divided by 12?
10
Let c(a) = 8*a. Let w be ((-35)/10)/(1/(-4)). Suppose -m = -w - 1. What is the remainder when m is divided by c(1)?
7
Calculate the remainder when 102 is divided by 501/24 - (-3)/24.
18
Let d(p) = p**2 + 4*p + 10. Calculate the remainder when d(-11) is divided by 3.
0
Let v(h) = -h**2 - h + 8. Let n be v(0). What is the remainder when 26 is divided by 30/4 + (-4)/n?
5
Let y(a) = 7*a**3 - 14*a**2 - 4. Let x(r) = -6*r**3 + 13*r**2 - r + 5. Let w(l) = 6*x(l) + 5*y(l). What is the remainder when w(7) is divided by 6?
5
Suppose -a + 0 = -2, 0 = 4*h - 2*a - 32. What is the remainder when 33 is divided by h?
6
Suppose 8*l - 5 = 3*l. Suppose 12 = -3*o + 7*o. Suppose 0 = 2*z - l - o. What is the remainder when 4 is divided by z?
0
Let h(v) = -v**2 - 10*v - 7. Let i be h(-9). Suppose i + 3 = c. Let k = 15 - c. What is the remainder when k is divided by 6?
4
Let b be 2/(-3)*45/(-6). Suppose -2*u = -b*u + 66. What is the remainder when u is divided by 12?
10
Suppose g + a + 1 = -1, 4*g - 4*a + 24 = 0. What is the remainder when (-150)/g - 2/(-4) is divided by -2 + 1 - (-14 + 0)?
12
Suppose -n + 4*n = 6, n = -4*z + 38. Calculate the remainder when 44 is divided by z.
8
What is the remainder when (2/(-3))/((-18)/2187) is divided by 42?
39
Suppose -w + 116 = f, -8 = -6*w + 2*w. What is the remainder when f is divided by 17?
12
Suppose -5*g + 6 = w + 1, 2*g = -w + 20. Suppose -a - w = -3*a - 3*l, -3*l = -5*a + 117. Calculate the remainder when 39 is divided by a.
18
Suppose 6*d - 25 = -7. What is the remainder when 13 is divided by d?
1
Let y(d) = d + 54. Let f = -6 + 25. What is the remainder when y(0) is divided by f?
16
Suppose a + 30 = 2*v, a + 3 = -1. Let c = 36 + -11. Calculate the remainder when c is divided by v.
12
Let w = 211 - 121. Suppose u = -5*b + 90, 3*b + 4*u + 19 = w. What is the remainder when b is divided by 6?
5
Let w = 45 + -11. Suppose 37 - 1 = 4*j. What is the remainder when w is divided by j?
7
Suppose 0 + 5 = 5*v. Calculate the remainder when (-11)/((-44)/8) - -1 is divided by v.
0
Let r = -10 - -11. Let d(c) = r - 1 + 4*c - 1. Calculate the remainder when 44 is divided by d(6).
21
Let l = 2 - -9. Suppose m = -3*m - 5*b - 6, -3*m + b = -5. Calculate the remainder when l is divided by m/(1 + (-5)/6).
5
Suppose -q + 3*q - 56 = 0. Calculate the remainder when 55 is divided by q.
27
Suppose -3*t - 1 = -2*t. Let d = 2 + -4. Calculate the remainder when 34 is divided by t - -11 - 1*d.
10
Let k = 136 + -95. Let i(l) = -3*l - 3 + 0*l - 2*l**3 - 5*l**2 + 0*l**3 - 1. Calculate the remainder when k is divided by i(-3).
13
Let p = 7 + -5. What is the remainder when (p/(-6))/((-3)/135) is divided by 6?
3
Let m be 10*(-1)/((-5)/8). Let d be ((-4)/6)/(m/(-168)). Let p = 15 - d. Calculate the remainder when p is divided by 5.
3
Suppose 0 = 3*v - 11 - 1. Suppose -6 = z - v*z. Suppose 13 = z*i - 11. Calculate the remainder when i is divided by 7.
5
Let d(l) = l**3 - l**2 + l + 6. Suppose h + h = -10. Calculate the remainder when d(0) is divided by ((-18)/(-15))/((-2)/h).
0
Let o = -17 - -32. Let g(z) = 28*z**2 + 2*z - 1. Suppose -x 